 23 and r.
1
Let d(i) = -i + 2. Let c be d(0). Suppose -c*b - 4*w = -18, 4*b + 10*w - 9*w = 57. Calculate the highest common factor of b and 165.
15
Let v(s) = 11*s - 4. Let a be v(5). Suppose 4*y = a + 33. Suppose -151 = -4*x + 269. Calculate the greatest common divisor of x and y.
21
Let x = 5324 + -5300. Suppose -5*s = -6 - 54. What is the greatest common factor of s and x?
12
Let f be -2*(2 + 2*-6). Let y(d) = -d**3 - 2*d**2 + 2*d + 7. Let z be y(-3). What is the highest common divisor of z and f?
10
Let o = 245 + -143. Calculate the greatest common factor of o and 1632.
102
Let c(v) = 309*v**3 - 3*v**2 + 2. Let n be c(-1). Let m be 2 + 20/(-9) + n/(-18). What is the highest common divisor of 68 and m?
17
Let u = 80 - 34. Suppose -5*s + u = -9. Let t be (2/4)/(2/44). Calculate the highest common divisor of s and t.
11
Suppose 0 = -2*y - 4*g + 14, 4*g = -y - g + 10. Let f(c) = -5*c + 86. Suppose -v = -4 - 13. Let j be f(v). Calculate the greatest common divisor of j and y.
1
Suppose 0 = 10*j - 5*j - 25. Suppose 5*z = -j*g + 90, -z - 13 - 41 = -3*g. Calculate the greatest common divisor of g and 162.
18
Suppose 0 = 2*h - 2*a - 288, -a + 260 = 2*h + 4*a. Calculate the highest common factor of 98 and h.
14
Suppose -3*d + d - 3*u = -34, 0 = -d - 4*u + 12. Suppose 5*m = -0*o - 3*o + 37, -d = -3*m - 4*o. Calculate the highest common factor of m and 136.
8
Suppose 2*r = 5*k + 785, -2*r + 4*k = -r - 388. What is the highest common factor of r and 50?
50
Suppose 6*m + 2*m = 0. Suppose 4*o + 0*o - 24 = 0. Let g = o + m. Calculate the highest common factor of g and 24.
6
Let x(z) = -7*z + 46. Let f be x(0). What is the greatest common factor of f and 1472?
46
Let s(o) = -o - 2. Let q be s(-5). Suppose -2*m = -q*m - 4*u - 8, -4*u = 4*m - 28. Suppose -k + 2*k - 4 = 0. Calculate the greatest common factor of m and k.
4
Let h = -28 - -83. Suppose -2*k = 5*s - 5, 6*k + 4*s - 4 = k. Suppose k = 5*c - 550 + h. What is the greatest common divisor of c and 9?
9
Let d(s) be the third derivative of s**5/60 - s**4/8 - 5*s**3 - s**2. Let g be d(-5). Calculate the greatest common divisor of g and 70.
10
Let m(w) = -w**2 + 13*w - 19. Let z be m(10). Suppose -z*o + 718 = -74. Let k = 23 - 15. What is the highest common factor of k and o?
8
Let a be -21*3 - (-5 - -9). Let x = a + 70. What is the greatest common divisor of 15 and x?
3
Let t(a) = 13*a - 4. Let s be t(3). Suppose 5*o = 4*v + 15, -v - s = o + 4*o. Let w be (-6 + -3)/(-3) - v. What is the highest common divisor of 143 and w?
13
Suppose -2*x - 135 = -29*x. Calculate the greatest common divisor of 9 and x.
1
Suppose 0 = 36*n - 35*n - 4, -2*g = n - 132. Calculate the highest common factor of 192 and g.
64
Suppose 0 = 2*o + 2*o + 76. Let i = o - -27. Suppose 2*n - 6 = 10. What is the greatest common factor of i and n?
8
Let n = -951 - -966. Let j be 15/6*(-30)/(-1). Calculate the highest common divisor of n and j.
15
Let c be (49/(-2))/7*4. Let q = c - -80. What is the highest common factor of q and 44?
22
Let u = 236 + -91. Suppose -4*f = f - u. Calculate the greatest common factor of f and 29.
29
Suppose -152*q = -158*q + 210. What is the highest common divisor of 420 and q?
35
Suppose -3*c = -c - 2*s - 328, 2*c = 4*s + 332. Suppose -4*w + c = 2*w. Calculate the highest common divisor of w and 108.
27
Suppose 11*w - 38*w + 189 = 0. Let g = -1 + 2. What is the highest common divisor of w and g?
1
Suppose 2*m = 90 - 40. Calculate the greatest common factor of 90 and m.
5
Suppose 3*s - 317 = v, 4*v + 526 = 34*s - 29*s. Calculate the greatest common factor of 53 and s.
53
Let l(u) = -84*u + 4. Let s be l(-3). Suppose 77 = 5*j - 83. Calculate the greatest common factor of s and j.
32
Suppose -5*a = -u - 8*a - 13, -2*u = -2*a - 14. Suppose 2*s + 0*y + 5*y = 22, -u*y = 2*s - 34. Calculate the highest common factor of 21 and s.
21
Suppose -4*g + 160 = -4*f, g - 2*f = -3*g + 158. Suppose 3*n + 4*y = 82, 5*y - 75 = -3*n + 8*y. What is the highest common factor of g and n?
13
Let m be (-4)/5*70/28 + 44. Let i be (2 + 0)*(-36)/8. Let p = i - -23. Calculate the greatest common factor of p and m.
14
Suppose 9*n + 302 - 6026 = 0. What is the highest common divisor of n and 12?
12
Let d be (-6)/(-2) - -1 - -2. Let i be 12/30 + (d/(-15) - -2). Calculate the highest common factor of i and 6.
2
Suppose -3 = -3*b, -5*w + 133 = -7*b + 5*b. Let q be 2 + (4 - (-2 + -1)). What is the highest common divisor of q and w?
9
Let y be 9/6*(-282)/(-9). Let j = -282 + 517. Calculate the highest common divisor of j and y.
47
Suppose -2*p = -2*h - 18 - 176, 3*p - 287 = 2*h. What is the highest common factor of 3 and p?
3
Let n be ((-201)/2)/((-24)/624). Calculate the highest common divisor of 39 and n.
39
Let g(h) = h - 4. Let j be g(4). Suppose 3*q + 9 = -j. Let f = q - -28. Calculate the highest common factor of f and 5.
5
Let n = -220 + 314. What is the greatest common factor of 329 and n?
47
Let s(k) be the second derivative of k**3/6 + 2*k**2 + 47*k. Let z be s(6). Calculate the highest common divisor of z and 20.
10
Let b be (6 - 5)*1*-35. Let x = 65 + b. Calculate the greatest common divisor of x and 120.
30
Let g be 18604/44 - ((-462)/(-121) - 4). Let s(i) = 8*i + 7. Let m be s(5). What is the highest common divisor of g and m?
47
Suppose 26 = 5*a - 579. Suppose -t - 16 = 4*h, 4*t - 2*h - 2 = 6. Suppose t*n - 5*n = -55. What is the highest common divisor of n and a?
11
Let d be (1 - 4)*2*1. Let w be (2 - d)*6/6. What is the highest common factor of 2 and w?
2
Let h(x) = x - 8. Let g(r) = 2*r**2 - 24*r + 10. Let i be g(12). Let u be h(i). Let l = 4 + -2. Calculate the greatest common factor of u and l.
2
Suppose -2*y + 5*h + 56 = 0, y - 4*h + 54 = 2*y. Let c = y + -32. Let l = -6 - -12. What is the greatest common factor of c and l?
6
Let x(w) = 40 - 69 - 4*w + 33. Let s be x(-5). Calculate the highest common factor of s and 36.
12
Suppose 0 = 4*n - 139 + 27. Let j(b) = -2*b**2 - 4*b + 10. Let f be j(4). Let x = -34 - f. What is the highest common factor of x and n?
4
Suppose 4591 = 19*i + 1038. What is the highest common factor of i and 55?
11
Let v(p) = -2*p**3 - 11*p**2 - 3*p - 8. Let j be v(-7). Calculate the highest common factor of 20 and j.
20
Let j(x) = -x**2 - 8*x - 1. Let m be j(-6). Suppose -5*q + m = 6*o - 7*o, -1 = 2*q + 5*o. Calculate the highest common factor of q and 22.
2
Let j = -14 + 34. Let p be -302*(-2)/20 - 4/j. What is the greatest common divisor of p and 10?
10
Let u be (-3 - (-57)/9)/(8/60). Let y be (-9)/12 + 69/12. Suppose 0 = -5*g - y*q + 115, -2*q + 71 = -g + 4*g. What is the greatest common divisor of g and u?
25
Let i = -129 - -56. Let p = i + 79. Calculate the greatest common factor of p and 2.
2
Suppose 11*v - 6*v = 4*f - 1763, 0 = 2*f + 3*v - 909. What is the greatest common divisor of f and 3?
3
Let f be 1 + (-1)/((-1)/(-1)). Suppose -5*g + 3*b - 8 + 27 = f, 5 = -g + 5*b. Let p(u) = -5*u. Let i be p(-4). Calculate the highest common divisor of g and i.
5
Let q(t) = 2*t**2 - 2*t - 7. Let x be q(3). Suppose -3*h + 2*h + x = 0. Calculate the greatest common divisor of 35 and h.
5
Suppose -21*a = -46*a + 106000. What is the highest common factor of a and 80?
80
Suppose 4*r + 11 = 27. Let g = 33 - r. What is the highest common divisor of g and 232?
29
Let h = -3 - -5. Let u(i) = i**3 - 4*i**2 + 8*i - 8. Let y be u(5). Suppose b - y = -h*b. What is the highest common divisor of 133 and b?
19
Let j(o) = -8*o**3 + 12*o**2 - 7*o + 16. Let x be j(8). Let g = 6896 + x. Let z be (-2)/16 + g/64. What is the highest common factor of z and 11?
11
Let i be 6 + 0 + -3 + -2. Let o be i/(96/(-100) + 1). Let n = -93 - -368. What is the highest common divisor of o and n?
25
Let s = -1241 - -1313. What is the greatest common factor of 36 and s?
36
Let o be 57/(-2) - 1*(-1)/2. Let b = o - -37. Let u be (-8 + 2)/(2/(-9)). Calculate the highest common divisor of b and u.
9
Suppose 33*r - 4360 = -1258. Calculate the greatest common factor of 1927 and r.
47
Let t be 23484/8 + ((-88)/16 - -4). Calculate the highest common divisor of t and 18.
18
Let a(g) = -2*g**2 - 7*g + 1. Let m be a(-3). Suppose 60 = -2*j + 8*j. What is the greatest common divisor of j and m?
2
Suppose 2*l - 5*l - 5*p = -103, 5*l + 5*p - 175 = 0. Calcu